{"id":6,"date":"2023-09-22T00:11:40","date_gmt":"2023-09-21T22:11:40","guid":{"rendered":"https:\/\/cbiro.pl\/?page_id=6"},"modified":"2025-06-25T13:32:44","modified_gmt":"2025-06-25T11:32:44","slug":"strona-glowna","status":"publish","type":"page","link":"https:\/\/cbiro.pl\/","title":{"rendered":"Strona g\u0142\u00f3wna"},"content":{"rendered":"\t\t<div data-elementor-type=\"wp-page\" data-elementor-id=\"6\" class=\"elementor elementor-6\" data-elementor-post-type=\"page\">\n\t\t\t\t\t\t\t<div class=\"elementor-element elementor-element-ab3ec1f e-flex e-con-boxed e-con e-parent\" data-id=\"ab3ec1f\" data-element_type=\"container\" data-settings=\"{&quot;background_background&quot;:&quot;video&quot;,&quot;background_video_link&quot;:&quot;https:\\\/\\\/cbiro.pl\\\/wp-content\\\/uploads\\\/2023\\\/10\\\/Projekt-bez-nazwy-2.mp4&quot;,&quot;shape_divider_bottom&quot;:&quot;triangle&quot;,&quot;content_width&quot;:&quot;boxed&quot;}\" data-core-v316-plus=\"true\">\n\t\t\t\t\t<div class=\"e-con-inner\">\n\t\t<div class=\"elementor-background-video-container elementor-hidden-phone\">\n\t\t\t\t\t\t\t<video class=\"elementor-background-video-hosted elementor-html5-video\" autoplay muted playsinline loop><\/video>\n\t\t\t\t\t<\/div>\t\t<div class=\"elementor-shape elementor-shape-bottom\" data-negative=\"false\">\n\t\t\t<svg xmlns=\"http:\/\/www.w3.org\/2000\/svg\" viewBox=\"0 0 1000 100\" preserveAspectRatio=\"none\">\n\t<path class=\"elementor-shape-fill\" d=\"M500,98.9L0,6.1V0h1000v6.1L500,98.9z\"\/>\n<\/svg>\t\t<\/div>\n\t\t\t\t<div class=\"elementor-element elementor-element-b6008b2 elementor-widget elementor-widget-heading\" data-id=\"b6008b2\" data-element_type=\"widget\" data-widget_type=\"heading.default\">\n\t\t\t\t<div class=\"elementor-widget-container\">\n\t\t\t<style>\/*! elementor - v3.16.0 - 20-09-2023 *\/\n.elementor-heading-title{padding:0;margin:0;line-height:1}.elementor-widget-heading .elementor-heading-title[class*=elementor-size-]>a{color:inherit;font-size:inherit;line-height:inherit}.elementor-widget-heading .elementor-heading-title.elementor-size-small{font-size:15px}.elementor-widget-heading .elementor-heading-title.elementor-size-medium{font-size:19px}.elementor-widget-heading .elementor-heading-title.elementor-size-large{font-size:29px}.elementor-widget-heading .elementor-heading-title.elementor-size-xl{font-size:39px}.elementor-widget-heading .elementor-heading-title.elementor-size-xxl{font-size:59px}<\/style><h2 class=\"elementor-heading-title elementor-size-default\">CENTRUM BADA\u0143 I ROZWOJU O\u015aWIETLENIA<br\/><small>dr in\u017c. MAREK KURKOWSKI<\/small><\/h2>\t\t<\/div>\n\t\t\t\t<\/div>\n\t\t\t\t<div class=\"elementor-element elementor-element-231dd72 elementor-align-center elementor-widget elementor-widget-button\" data-id=\"231dd72\" data-element_type=\"widget\" data-widget_type=\"button.default\">\n\t\t\t\t<div class=\"elementor-widget-container\">\n\t\t\t\t\t<div class=\"elementor-button-wrapper\">\n\t\t\t<a class=\"elementor-button elementor-button-link elementor-size-sm\" href=\"#\">\n\t\t\t\t\t\t<span class=\"elementor-button-content-wrapper\">\n\t\t\t\t\t\t<span class=\"elementor-button-text\">Sprawd\u017a szczeg\u00f3\u0142y<\/span>\n\t\t<\/span>\n\t\t\t\t\t<\/a>\n\t\t<\/div>\n\t\t\t\t<\/div>\n\t\t\t\t<\/div>\n\t\t\t\t\t<\/div>\n\t\t\t\t<\/div>\n\t\t<div class=\"elementor-element elementor-element-be96c1c e-flex e-con-boxed e-con e-parent\" data-id=\"be96c1c\" data-element_type=\"container\" data-settings=\"{&quot;background_background&quot;:&quot;classic&quot;,&quot;content_width&quot;:&quot;boxed&quot;}\" data-core-v316-plus=\"true\">\n\t\t\t\t\t<div class=\"e-con-inner\">\n\t\t<div class=\"elementor-element elementor-element-c9da1f1 e-con-full e-flex e-con e-child\" data-id=\"c9da1f1\" data-element_type=\"container\" data-settings=\"{&quot;content_width&quot;:&quot;full&quot;}\">\n\t\t\t\t<div class=\"elementor-element elementor-element-a9e0b01 elementor-widget elementor-widget-heading\" data-id=\"a9e0b01\" data-element_type=\"widget\" data-widget_type=\"heading.default\">\n\t\t\t\t<div class=\"elementor-widget-container\">\n\t\t\t<h2 class=\"elementor-heading-title elementor-size-default\">O nas<\/h2>\t\t<\/div>\n\t\t\t\t<\/div>\n\t\t\t\t<div class=\"elementor-element elementor-element-ab039c7 elementor-widget__width-initial elementor-widget elementor-widget-heading\" data-id=\"ab039c7\" data-element_type=\"widget\" data-widget_type=\"heading.default\">\n\t\t\t\t<div class=\"elementor-widget-container\">\n\t\t\t<h2 class=\"elementor-heading-title elementor-size-default\">Jeste\u015bmy wiod\u0105cym o\u015brodkiem badawczo-rozwojowym specjalizuj\u0105cym si\u0119 w dziedzinie o\u015bwietlenia i energetyki prosumenckiej. Nasza firma dzia\u0142a na styku nowoczesnych technologii, ekologii i oszcz\u0119dno\u015bci energii. Nasz zesp\u00f3\u0142 ekspert\u00f3w skupia si\u0119 na tworzeniu innowacyjnych rozwi\u0105za\u0144, kt\u00f3re przyczyniaj\u0105 si\u0119 do zr\u00f3wnowa\u017conego rozwoju i poprawy jako\u015bci \u017cycia naszych klient\u00f3w.<\/h2>\t\t<\/div>\n\t\t\t\t<\/div>\n\t\t\t\t<\/div>\n\t\t<div class=\"elementor-element elementor-element-1a9e60d e-con-full e-flex e-con e-child\" data-id=\"1a9e60d\" data-element_type=\"container\" data-settings=\"{&quot;content_width&quot;:&quot;full&quot;}\">\n\t\t\t\t<div class=\"elementor-element elementor-element-44662cb elementor-widget elementor-widget-image\" data-id=\"44662cb\" data-element_type=\"widget\" data-widget_type=\"image.default\">\n\t\t\t\t<div class=\"elementor-widget-container\">\n\t\t\t<style>\/*! elementor - v3.16.0 - 20-09-2023 *\/\n.elementor-widget-image{text-align:center}.elementor-widget-image a{display:inline-block}.elementor-widget-image a img[src$=\".svg\"]{width:48px}.elementor-widget-image img{vertical-align:middle;display:inline-block}<\/style>\t\t\t\t\t\t\t\t\t\t\t\t<img loading=\"lazy\" decoding=\"async\" width=\"800\" height=\"457\" src=\"https:\/\/cbiro.pl\/wp-content\/uploads\/2023\/09\/niebo-o-zachodzie-slonca-zasila-energie-wiatrowa-i-sloneczna-generowana-przez-sztuczna-inteligencje-1024x585.jpg\" class=\"attachment-large size-large wp-image-22\" alt=\"\" srcset=\"https:\/\/cbiro.pl\/wp-content\/uploads\/2023\/09\/niebo-o-zachodzie-slonca-zasila-energie-wiatrowa-i-sloneczna-generowana-przez-sztuczna-inteligencje-1024x585.jpg 1024w, https:\/\/cbiro.pl\/wp-content\/uploads\/2023\/09\/niebo-o-zachodzie-slonca-zasila-energie-wiatrowa-i-sloneczna-generowana-przez-sztuczna-inteligencje-300x171.jpg 300w, https:\/\/cbiro.pl\/wp-content\/uploads\/2023\/09\/niebo-o-zachodzie-slonca-zasila-energie-wiatrowa-i-sloneczna-generowana-przez-sztuczna-inteligencje-768x439.jpg 768w, https:\/\/cbiro.pl\/wp-content\/uploads\/2023\/09\/niebo-o-zachodzie-slonca-zasila-energie-wiatrowa-i-sloneczna-generowana-przez-sztuczna-inteligencje-1536x878.jpg 1536w, https:\/\/cbiro.pl\/wp-content\/uploads\/2023\/09\/niebo-o-zachodzie-slonca-zasila-energie-wiatrowa-i-sloneczna-generowana-przez-sztuczna-inteligencje-2048x1170.jpg 2048w\" sizes=\"auto, (max-width: 800px) 100vw, 800px\" \/>\t\t\t\t\t\t\t\t\t\t\t\t\t\t\t<\/div>\n\t\t\t\t<\/div>\n\t\t\t\t<div class=\"elementor-element elementor-element-7ad1532 elementor-widget elementor-widget-image\" data-id=\"7ad1532\" data-element_type=\"widget\" data-widget_type=\"image.default\">\n\t\t\t\t<div class=\"elementor-widget-container\">\n\t\t\t\t\t\t\t\t\t\t\t\t\t\t\t<img loading=\"lazy\" decoding=\"async\" width=\"800\" height=\"534\" src=\"https:\/\/cbiro.pl\/wp-content\/uploads\/2023\/10\/wind-farms-fields-1024x683.jpg\" class=\"attachment-large size-large wp-image-282\" alt=\"\" srcset=\"https:\/\/cbiro.pl\/wp-content\/uploads\/2023\/10\/wind-farms-fields-1024x683.jpg 1024w, https:\/\/cbiro.pl\/wp-content\/uploads\/2023\/10\/wind-farms-fields-300x200.jpg 300w, https:\/\/cbiro.pl\/wp-content\/uploads\/2023\/10\/wind-farms-fields-768x512.jpg 768w, https:\/\/cbiro.pl\/wp-content\/uploads\/2023\/10\/wind-farms-fields-1536x1024.jpg 1536w, https:\/\/cbiro.pl\/wp-content\/uploads\/2023\/10\/wind-farms-fields-2048x1365.jpg 2048w\" sizes=\"auto, (max-width: 800px) 100vw, 800px\" \/>\t\t\t\t\t\t\t\t\t\t\t\t\t\t\t<\/div>\n\t\t\t\t<\/div>\n\t\t\t\t<\/div>\n\t\t\t\t\t<\/div>\n\t\t\t\t<\/div>\n\t\t<div class=\"elementor-element elementor-element-ec9c2d0 e-flex e-con-boxed e-con e-parent\" data-id=\"ec9c2d0\" data-element_type=\"container\" data-settings=\"{&quot;background_background&quot;:&quot;classic&quot;,&quot;background_motion_fx_motion_fx_mouse&quot;:&quot;yes&quot;,&quot;background_motion_fx_mouseTrack_effect&quot;:&quot;yes&quot;,&quot;background_motion_fx_mouseTrack_speed&quot;:{&quot;unit&quot;:&quot;px&quot;,&quot;size&quot;:2.8,&quot;sizes&quot;:[]},&quot;content_width&quot;:&quot;boxed&quot;}\" data-core-v316-plus=\"true\">\n\t\t\t\t\t<div class=\"e-con-inner\">\n\t\t<div class=\"elementor-element elementor-element-272d9a2 e-flex e-con-boxed e-con e-child\" data-id=\"272d9a2\" data-element_type=\"container\" data-settings=\"{&quot;content_width&quot;:&quot;boxed&quot;}\">\n\t\t\t\t\t<div class=\"e-con-inner\">\n\t\t\t\t<div class=\"elementor-element elementor-element-8b9bf98 elementor-view-default elementor-position-top elementor-mobile-position-top elementor-widget elementor-widget-icon-box\" data-id=\"8b9bf98\" data-element_type=\"widget\" data-widget_type=\"icon-box.default\">\n\t\t\t\t<div class=\"elementor-widget-container\">\n\t\t\t<link rel=\"stylesheet\" href=\"https:\/\/cbiro.pl\/wp-content\/plugins\/elementor\/assets\/css\/widget-icon-box.min.css\">\t\t<div class=\"elementor-icon-box-wrapper\">\n\t\t\t\t\t\t<div class=\"elementor-icon-box-icon\">\n\t\t\t\t<span  class=\"elementor-icon elementor-animation-\">\n\t\t\t\t<i aria-hidden=\"true\" class=\"fas fa-syringe\"><\/i>\t\t\t\t<\/span>\n\t\t\t<\/div>\n\t\t\t\t\t\t<div class=\"elementor-icon-box-content\">\n\t\t\t\t<h3 class=\"elementor-icon-box-title\">\n\t\t\t\t\t<span  >\n\t\t\t\t\t\tBadania i Rozw\u00f3j\t\t\t\t\t<\/span>\n\t\t\t\t<\/h3>\n\t\t\t\t\t\t\t\t\t<p class=\"elementor-icon-box-description\">\n\t\t\t\t\t\tNasz zesp\u00f3\u0142 naukowc\u00f3w i in\u017cynier\u00f3w stale pracuje nad nowymi rozwi\u0105zaniami, kt\u00f3re zmieniaj\u0105 bran\u017c\u0119 o\u015bwietlenia i energetyki prosumenckiej. D\u0105\u017cymy do innowacji, kt\u00f3re przek\u0142adaj\u0105 si\u0119 na korzy\u015bci dla naszych klient\u00f3w i dla \u015brodowiska.\t\t\t\t\t<\/p>\n\t\t\t\t\t\t\t<\/div>\n\t\t<\/div>\n\t\t\t\t<\/div>\n\t\t\t\t<\/div>\n\t\t\t\t<div class=\"elementor-element elementor-element-5401907 elementor-view-default elementor-position-top elementor-mobile-position-top elementor-widget elementor-widget-icon-box\" data-id=\"5401907\" data-element_type=\"widget\" data-widget_type=\"icon-box.default\">\n\t\t\t\t<div class=\"elementor-widget-container\">\n\t\t\t\t\t<div class=\"elementor-icon-box-wrapper\">\n\t\t\t\t\t\t<div class=\"elementor-icon-box-icon\">\n\t\t\t\t<span  class=\"elementor-icon elementor-animation-\">\n\t\t\t\t<i aria-hidden=\"true\" class=\"far fa-sun\"><\/i>\t\t\t\t<\/span>\n\t\t\t<\/div>\n\t\t\t\t\t\t<div class=\"elementor-icon-box-content\">\n\t\t\t\t<h3 class=\"elementor-icon-box-title\">\n\t\t\t\t\t<span  >\n\t\t\t\t\t\tEnergetyka Prosumencka\t\t\t\t\t<\/span>\n\t\t\t\t<\/h3>\n\t\t\t\t\t\t\t\t\t<p class=\"elementor-icon-box-description\">\n\t\t\t\t\t\tPomagamy naszym klientom w przekszta\u0142ceniu swoich budynk\u00f3w w \u017ar\u00f3d\u0142a energii, dzi\u0119ki wykorzystaniu technologii takich jak instalacje fotowoltaiczne i systemy magazynowania energii.\t\t\t\t\t<\/p>\n\t\t\t\t\t\t\t<\/div>\n\t\t<\/div>\n\t\t\t\t<\/div>\n\t\t\t\t<\/div>\n\t\t\t\t<div class=\"elementor-element elementor-element-414a5ff elementor-view-default elementor-position-top elementor-mobile-position-top elementor-widget elementor-widget-icon-box\" data-id=\"414a5ff\" data-element_type=\"widget\" data-widget_type=\"icon-box.default\">\n\t\t\t\t<div class=\"elementor-widget-container\">\n\t\t\t\t\t<div class=\"elementor-icon-box-wrapper\">\n\t\t\t\t\t\t<div class=\"elementor-icon-box-icon\">\n\t\t\t\t<span  class=\"elementor-icon elementor-animation-\">\n\t\t\t\t<i aria-hidden=\"true\" class=\"fas fa-lightbulb\"><\/i>\t\t\t\t<\/span>\n\t\t\t<\/div>\n\t\t\t\t\t\t<div class=\"elementor-icon-box-content\">\n\t\t\t\t<h3 class=\"elementor-icon-box-title\">\n\t\t\t\t\t<span  >\n\t\t\t\t\t\tO\u015bwietlenie LED\t\t\t\t\t<\/span>\n\t\t\t\t<\/h3>\n\t\t\t\t\t\t\t\t\t<p class=\"elementor-icon-box-description\">\n\t\t\t\t\t\tOferujemy szeroki wyb\u00f3r energooszcz\u0119dnych \u017ar\u00f3de\u0142 \u015bwiat\u0142a LED dla dom\u00f3w, firm i przemys\u0142u. Nasze produkty s\u0105 nie tylko przyjazne dla \u015brodowiska, ale tak\u017ce pozwalaj\u0105 zaoszcz\u0119dzi\u0107 na rachunkach za pr\u0105d.\t\t\t\t\t<\/p>\n\t\t\t\t\t\t\t<\/div>\n\t\t<\/div>\n\t\t\t\t<\/div>\n\t\t\t\t<\/div>\n\t\t\t\t\t<\/div>\n\t\t\t\t<\/div>\n\t\t\t\t\t<\/div>\n\t\t\t\t<\/div>\n\t\t<div class=\"elementor-element elementor-element-bf3a5fd e-flex e-con-boxed e-con e-parent\" data-id=\"bf3a5fd\" data-element_type=\"container\" data-settings=\"{&quot;background_background&quot;:&quot;classic&quot;,&quot;content_width&quot;:&quot;boxed&quot;}\" data-core-v316-plus=\"true\">\n\t\t\t\t\t<div class=\"e-con-inner\">\n\t\t\t\t<div class=\"elementor-element elementor-element-c24ac2b elementor-widget elementor-widget-heading\" data-id=\"c24ac2b\" data-element_type=\"widget\" data-widget_type=\"heading.default\">\n\t\t\t\t<div class=\"elementor-widget-container\">\n\t\t\t<h2 class=\"elementor-heading-title elementor-size-default\">CBIRO<\/h2>\t\t<\/div>\n\t\t\t\t<\/div>\n\t\t\t\t<div class=\"elementor-element elementor-element-f102023 elementor-widget elementor-widget-heading\" data-id=\"f102023\" data-element_type=\"widget\" data-widget_type=\"heading.default\">\n\t\t\t\t<div class=\"elementor-widget-container\">\n\t\t\t<h2 class=\"elementor-heading-title elementor-size-default\">Dlaczego wybra\u0107 nas?<\/h2>\t\t<\/div>\n\t\t\t\t<\/div>\n\t\t\t\t\t<\/div>\n\t\t\t\t<\/div>\n\t\t<div class=\"elementor-element elementor-element-098f3e2 e-flex e-con-boxed e-con e-parent\" data-id=\"098f3e2\" data-element_type=\"container\" data-settings=\"{&quot;background_background&quot;:&quot;classic&quot;,&quot;content_width&quot;:&quot;boxed&quot;}\" data-core-v316-plus=\"true\">\n\t\t\t\t\t<div class=\"e-con-inner\">\n\t\t<div class=\"elementor-element elementor-element-6a2a931 e-con-full e-flex e-con e-child\" data-id=\"6a2a931\" data-element_type=\"container\" data-settings=\"{&quot;content_width&quot;:&quot;full&quot;}\">\n\t\t\t\t<div class=\"elementor-element elementor-element-8ecfb66 elementor-widget elementor-widget-heading\" data-id=\"8ecfb66\" data-element_type=\"widget\" data-widget_type=\"heading.default\">\n\t\t\t\t<div class=\"elementor-widget-container\">\n\t\t\t<h2 class=\"elementor-heading-title elementor-size-default\">Nasza Filozofia<\/h2>\t\t<\/div>\n\t\t\t\t<\/div>\n\t\t\t\t<div class=\"elementor-element elementor-element-c24c10d elementor-widget elementor-widget-text-editor\" data-id=\"c24c10d\" data-element_type=\"widget\" data-widget_type=\"text-editor.default\">\n\t\t\t\t<div class=\"elementor-widget-container\">\n\t\t\t<style>\/*! elementor - v3.16.0 - 20-09-2023 *\/\n.elementor-widget-text-editor.elementor-drop-cap-view-stacked .elementor-drop-cap{background-color:#69727d;color:#fff}.elementor-widget-text-editor.elementor-drop-cap-view-framed .elementor-drop-cap{color:#69727d;border:3px solid;background-color:transparent}.elementor-widget-text-editor:not(.elementor-drop-cap-view-default) .elementor-drop-cap{margin-top:8px}.elementor-widget-text-editor:not(.elementor-drop-cap-view-default) .elementor-drop-cap-letter{width:1em;height:1em}.elementor-widget-text-editor .elementor-drop-cap{float:left;text-align:center;line-height:1;font-size:50px}.elementor-widget-text-editor .elementor-drop-cap-letter{display:inline-block}<\/style>\t\t\t\tW CENTRUM BADA\u0143 I ROZWOJU O\u015aWIETLENIA kierujemy si\u0119 g\u0142\u0119bok\u0105 wiar\u0105 w zr\u00f3wnowa\u017cony rozw\u00f3j i odpowiedzialno\u015b\u0107 ekologiczn\u0105. Nasza filozofia opiera si\u0119 na przekonaniu, \u017ce innowacje technologiczne i ekologia mog\u0105 i powinny wsp\u00f3\u0142istnie\u0107. D\u0105\u017cymy do tworzenia rozwi\u0105za\u0144, kt\u00f3re nie tylko poprawiaj\u0105 komfort \u017cycia naszych klient\u00f3w, ale r\u00f3wnie\u017c chroni\u0105 nasz\u0105 planet\u0119\t\t\t\t\t\t<\/div>\n\t\t\t\t<\/div>\n\t\t\t\t<div class=\"elementor-element elementor-element-f1a4c69 elementor-widget elementor-widget-button\" data-id=\"f1a4c69\" data-element_type=\"widget\" data-widget_type=\"button.default\">\n\t\t\t\t<div class=\"elementor-widget-container\">\n\t\t\t\t\t<div class=\"elementor-button-wrapper\">\n\t\t\t<a class=\"elementor-button elementor-button-link elementor-size-sm\" href=\"#\">\n\t\t\t\t\t\t<span class=\"elementor-button-content-wrapper\">\n\t\t\t\t\t\t<span class=\"elementor-button-text\">Sprawd\u017a szczeg\u00f3\u0142y<\/span>\n\t\t<\/span>\n\t\t\t\t\t<\/a>\n\t\t<\/div>\n\t\t\t\t<\/div>\n\t\t\t\t<\/div>\n\t\t\t\t<\/div>\n\t\t<div class=\"elementor-element elementor-element-69758c1 e-con-full e-flex e-con e-child\" data-id=\"69758c1\" data-element_type=\"container\" data-settings=\"{&quot;content_width&quot;:&quot;full&quot;}\">\n\t\t\t\t<div class=\"elementor-element elementor-element-058798c elementor-widget elementor-widget-image\" data-id=\"058798c\" data-element_type=\"widget\" data-widget_type=\"image.default\">\n\t\t\t\t<div class=\"elementor-widget-container\">\n\t\t\t\t\t\t\t\t\t\t\t\t\t\t\t<img loading=\"lazy\" decoding=\"async\" width=\"768\" height=\"513\" src=\"https:\/\/cbiro.pl\/wp-content\/uploads\/2023\/09\/linie-wysokiego-napiecia-na-blekitnym-niebie-768x513.jpg\" class=\"attachment-medium_large size-medium_large wp-image-33\" alt=\"\" srcset=\"https:\/\/cbiro.pl\/wp-content\/uploads\/2023\/09\/linie-wysokiego-napiecia-na-blekitnym-niebie-768x513.jpg 768w, https:\/\/cbiro.pl\/wp-content\/uploads\/2023\/09\/linie-wysokiego-napiecia-na-blekitnym-niebie-300x200.jpg 300w, https:\/\/cbiro.pl\/wp-content\/uploads\/2023\/09\/linie-wysokiego-napiecia-na-blekitnym-niebie-1024x683.jpg 1024w, https:\/\/cbiro.pl\/wp-content\/uploads\/2023\/09\/linie-wysokiego-napiecia-na-blekitnym-niebie-1536x1025.jpg 1536w, https:\/\/cbiro.pl\/wp-content\/uploads\/2023\/09\/linie-wysokiego-napiecia-na-blekitnym-niebie-2048x1367.jpg 2048w\" sizes=\"auto, (max-width: 768px) 100vw, 768px\" \/>\t\t\t\t\t\t\t\t\t\t\t\t\t\t\t<\/div>\n\t\t\t\t<\/div>\n\t\t\t\t<\/div>\n\t\t\t\t\t<\/div>\n\t\t\t\t<\/div>\n\t\t<div class=\"elementor-element elementor-element-f7b1464 e-flex e-con-boxed e-con e-parent\" data-id=\"f7b1464\" data-element_type=\"container\" data-settings=\"{&quot;background_background&quot;:&quot;classic&quot;,&quot;content_width&quot;:&quot;boxed&quot;}\" data-core-v316-plus=\"true\">\n\t\t\t\t\t<div class=\"e-con-inner\">\n\t\t<div class=\"elementor-element elementor-element-00f5f3a e-con-full e-flex e-con e-child\" data-id=\"00f5f3a\" data-element_type=\"container\" data-settings=\"{&quot;content_width&quot;:&quot;full&quot;}\">\n\t\t\t\t<div class=\"elementor-element elementor-element-bcab562 elementor-widget elementor-widget-heading\" data-id=\"bcab562\" data-element_type=\"widget\" data-widget_type=\"heading.default\">\n\t\t\t\t<div class=\"elementor-widget-container\">\n\t\t\t<h2 class=\"elementor-heading-title elementor-size-default\">Nasza Misja Spo\u0142eczna<\/h2>\t\t<\/div>\n\t\t\t\t<\/div>\n\t\t\t\t<div class=\"elementor-element elementor-element-952ef34 elementor-widget__width-initial elementor-widget elementor-widget-text-editor\" data-id=\"952ef34\" data-element_type=\"widget\" data-widget_type=\"text-editor.default\">\n\t\t\t\t<div class=\"elementor-widget-container\">\n\t\t\t\t\t\t\t<p>Jeste\u015bmy zaanga\u017cowani w dzia\u0142ania na rzecz spo\u0142eczno\u015bci lokalnych i globalnych. Dlatego te\u017c anga\u017cujemy si\u0119 w r\u00f3\u017cnego rodzaju projekty spo\u0142eczne i edukacyjne. Organizujemy szkolenia i warsztaty z zakresu efektywno\u015bci energetycznej, promujemy zr\u00f3wnowa\u017cony styl \u017cycia.<\/p>\t\t\t\t\t\t<\/div>\n\t\t\t\t<\/div>\n\t\t\t\t<\/div>\n\t\t<div class=\"elementor-element elementor-element-4917da0 e-con-full e-flex e-con e-child\" data-id=\"4917da0\" data-element_type=\"container\" data-settings=\"{&quot;content_width&quot;:&quot;full&quot;}\">\n\t\t\t\t<div class=\"elementor-element elementor-element-401c6ff elementor-widget elementor-widget-heading\" data-id=\"401c6ff\" data-element_type=\"widget\" data-widget_type=\"heading.default\">\n\t\t\t\t<div class=\"elementor-widget-container\">\n\t\t\t<h2 class=\"elementor-heading-title elementor-size-default\">Nasze Sukcesy <\/h2>\t\t<\/div>\n\t\t\t\t<\/div>\n\t\t\t\t<div class=\"elementor-element elementor-element-9442c53 elementor-widget__width-initial elementor-widget elementor-widget-text-editor\" data-id=\"9442c53\" data-element_type=\"widget\" data-widget_type=\"text-editor.default\">\n\t\t\t\t<div class=\"elementor-widget-container\">\n\t\t\t\t\t\t\t<p>Jeste\u015bmy dumni z naszych osi\u0105gni\u0119\u0107 i sukces\u00f3w, kt\u00f3re potwierdzaj\u0105 jako\u015b\u0107 naszych us\u0142ug i produkt\u00f3w. Nasze referencje obejmuj\u0105 wsp\u00f3\u0142prac\u0119 z wieloma renomowanymi firmami, organizacjami rz\u0105dowymi i instytucjami naukowymi.\u00a0<\/p>\t\t\t\t\t\t<\/div>\n\t\t\t\t<\/div>\n\t\t\t\t<\/div>\n\t\t\t\t\t<\/div>\n\t\t\t\t<\/div>\n\t\t<div class=\"elementor-element elementor-element-448d651 e-flex e-con-boxed e-con e-parent\" data-id=\"448d651\" data-element_type=\"container\" data-settings=\"{&quot;content_width&quot;:&quot;boxed&quot;}\" data-core-v316-plus=\"true\">\n\t\t\t\t\t<div class=\"e-con-inner\">\n\t\t\t\t<div class=\"elementor-element elementor-element-ffc5c5c elementor-widget elementor-widget-heading\" data-id=\"ffc5c5c\" data-element_type=\"widget\" data-widget_type=\"heading.default\">\n\t\t\t\t<div class=\"elementor-widget-container\">\n\t\t\t<h2 class=\"elementor-heading-title elementor-size-default\">Firma<\/h2>\t\t<\/div>\n\t\t\t\t<\/div>\n\t\t\t\t<div class=\"elementor-element elementor-element-57d0cf4 elementor-widget elementor-widget-text-editor\" data-id=\"57d0cf4\" data-element_type=\"widget\" data-widget_type=\"text-editor.default\">\n\t\t\t\t<div class=\"elementor-widget-container\">\n\t\t\t\t\t\t\t<p>Nasza firma jest gotowa pom\u00f3c Ci w osi\u0105gni\u0119ciu efektywno\u015bci energetycznej i optymalizacji o\u015bwietlenia. Skontaktuj si\u0119 z nami jeszcze dzi\u015b, aby rozpocz\u0105\u0107 wsp\u00f3\u0142prac\u0119!<\/p>\t\t\t\t\t\t<\/div>\n\t\t\t\t<\/div>\n\t\t\t\t\t<\/div>\n\t\t\t\t<\/div>\n\t\t\t\t\t\t\t<\/div>\n\t\t","protected":false},"excerpt":{"rendered":"<p>CENTRUM BADA\u0143 I ROZWOJU O\u015aWIETLENIAdr in\u017c. MAREK KURKOWSKI Sprawd\u017a szczeg\u00f3\u0142y O nas Jeste\u015bmy wiod\u0105cym o\u015brodkiem badawczo-rozwojowym specjalizuj\u0105cym si\u0119 w dziedzinie o\u015bwietlenia i energetyki prosumenckiej. Nasza firma dzia\u0142a na styku nowoczesnych technologii, ekologii i oszcz\u0119dno\u015bci energii. Nasz zesp\u00f3\u0142 ekspert\u00f3w skupia si\u0119 na tworzeniu innowacyjnych rozwi\u0105za\u0144, kt\u00f3re przyczyniaj\u0105 si\u0119 do zr\u00f3wnowa\u017conego rozwoju i poprawy jako\u015bci \u017cycia naszych [&hellip;]<\/p>\n","protected":false},"author":2,"featured_media":0,"parent":0,"menu_order":0,"comment_status":"closed","ping_status":"closed","template":"","meta":{"footnotes":""},"class_list":["post-6","page","type-page","status-publish","hentry"],"_links":{"self":[{"href":"https:\/\/cbiro.pl\/index.php\/wp-json\/wp\/v2\/pages\/6","targetHints":{"allow":["GET"]}}],"collection":[{"href":"https:\/\/cbiro.pl\/index.php\/wp-json\/wp\/v2\/pages"}],"about":[{"href":"https:\/\/cbiro.pl\/index.php\/wp-json\/wp\/v2\/types\/page"}],"author":[{"embeddable":true,"href":"https:\/\/cbiro.pl\/index.php\/wp-json\/wp\/v2\/users\/2"}],"replies":[{"embeddable":true,"href":"https:\/\/cbiro.pl\/index.php\/wp-json\/wp\/v2\/comments?post=6"}],"version-history":[{"count":271,"href":"https:\/\/cbiro.pl\/index.php\/wp-json\/wp\/v2\/pages\/6\/revisions"}],"predecessor-version":[{"id":408,"href":"https:\/\/cbiro.pl\/index.php\/wp-json\/wp\/v2\/pages\/6\/revisions\/408"}],"wp:attachment":[{"href":"https:\/\/cbiro.pl\/index.php\/wp-json\/wp\/v2\/media?parent=6"}],"curies":[{"name":"wp","href":"https:\/\/api.w.org\/{rel}","templated":true}]}}